mainder when 74963 is divided by 517.
515
What is the remainder when 16154 is divided by 557?
1
Calculate the remainder when 1455 is divided by 373.
336
What is the remainder when 1175 is divided by 508?
159
What is the remainder when 2011 is divided by 62?
27
What is the remainder when 109046 is divided by 137?
131
What is the remainder when 127454 is divided by 97?
93
What is the remainder when 1762 is divided by 48?
34
Calculate the remainder when 1928 is divided by 30.
8
What is the remainder when 442 is divided by 107?
14
Calculate the remainder when 1379 is divided by 282.
251
Calculate the remainder when 23867 is divided by 221.
220
What is the remainder when 989433 is divided by 23?
19
Calculate the remainder when 64 is divided by 28.
8
What is the remainder when 1540 is divided by 1147?
393
Calculate the remainder when 4770 is divided by 1584.
18
What is the remainder when 5198 is divided by 153?
149
Calculate the remainder when 650 is divided by 220.
210
What is the remainder when 29298 is divided by 105?
3
What is the remainder when 1951540 is divided by 81314?
4
Calculate the remainder when 822 is divided by 424.
398
What is the remainder when 76094 is divided by 38019?
56
What is the remainder when 4790 is divided by 901?
285
Calculate the remainder when 731238 is divided by 262.
258
Calculate the remainder when 484093 is divided by 77.
71
Calculate the remainder when 11651 is divided by 28.
3
Calculate the remainder when 2298 is divided by 75.
48
What is the remainder when 791 is divided by 755?
36
What is the remainder when 6953 is divided by 63?
23
What is the remainder when 9430 is divided by 3136?
22
Calculate the remainder when 3491005 is divided by 15.
10
Calculate the remainder when 11755 is divided by 21.
16
What is the remainder when 625 is divided by 92?
73
What is the remainder when 1036 is divided by 345?
1
What is the remainder when 1357 is divided by 614?
129
What is the remainder when 1737 is divided by 570?
27
Calculate the remainder when 6685 is divided by 38.
35
Calculate the remainder when 2838 is divided by 101.
10
What is the remainder when 64365 is divided by 7126?
231
What is the remainder when 12055 is divided by 1718?
29
Calculate the remainder when 1084 is divided by 48.
28
What is the remainder when 3951 is divided by 563?
10
What is the remainder when 39393 is divided by 1205?
833
What is the remainder when 3678 is divided by 1209?
51
What is the remainder when 756140 is divided by 472?
468
Calculate the remainder when 498619 is divided by 125.
119
Calculate the remainder when 26309 is divided by 1742.
179
Calculate the remainder when 1343345 is divided by 21.
17
Calculate the remainder when 15551 is divided by 913.
30
Calculate the remainder when 675 is divided by 58.
37
Calculate the remainder when 678038 is divided by 23.
21
Calculate the remainder when 5019 is divided by 501.
9
Calculate the remainder when 34194 is divided by 2136.
18
Calculate the remainder when 320386 is divided by 160184.
18
Calculate the remainder when 136601 is divided by 167.
162
What is the remainder when 93963 is divided by 540?
3
What is the remainder when 3197 is divided by 1588?
21
What is the remainder when 646 is divided by 113?
81
Calculate the remainder when 39932 is divided by 6565.
542
What is the remainder when 22094 is divided by 201?
185
What is the remainder when 10465 is divided by 419?
409
Calculate the remainder when 3621 is divided by 411.
333
What is the remainder when 317565 is divided by 192?
189
What is the remainder when 147583 is divided by 884?
839
What is the remainder when 15875 is divided by 512?
3
What is the remainder when 16435 is divided by 2687?
313
Calculate the remainder when 45849 is divided by 45844.
5
Calculate the remainder when 659 is divided by 113.
94
Calculate the remainder when 38858 is divided by 492.
482
What is the remainder when 4973 is divided by 4972?
1
Calculate the remainder when 1462 is divided by 120.
22
What is the remainder when 112971 is divided by 9?
3
What is the remainder when 607065 is divided by 244?
237
What is the remainder when 11007 is divided by 84?
3
Calculate the remainder when 11045 is divided by 707.
440
Calculate the remainder when 111797 is divided by 650.
647
What is the remainder when 2431 is divided by 29?
24
Calculate the remainder when 1411 is divided by 682.
47
What is the remainder when 136285 is divided by 83?
82
Calculate the remainder when 665702 is divided by 481.
479
Calculate the remainder when 4325 is divided by 892.
757
Calculate the remainder when 261356 is divided by 34.
32
What is the remainder when 2923 is divided by 1439?
45
Calculate the remainder when 72770 is divided by 24248.
26
What is the remainder when 289608 is divided by 230?
38
Calculate the remainder when 943219 is divided by 66.
13
What is the remainder when 3984 is divided by 138?
120
What is the remainder when 3971 is divided by 1322?
5
Calculate the remainder when 12761 is divided by 37.
33
What is the remainder when 21076 is divided by 43?
6
What is the remainder when 939461 is divided by 13048?
5
What is the remainder when 1387 is divided by 689?
9
What is the remainder when 2817 is divided by 13?
9
Calculate the remainder when 9912 is divided by 918.
732
What is the remainder when 3132 is divided by 2993?
139
Calculate the remainder when 1711 is divided by 1633.
78
Calculate the remainder when 33917 is divided by 20.
17
What is the remainder when 780 is divided by 380?
20
What is the remainder when 421460 is divided by 718?
712
What is the remainder when 117684 is divided by 126?
0
What is the remainder when 23757 is divided by 52?
45
What is the remainder when 1658722 is divided by 1543?
1540
What is the remainder when 136972 is divided by 428?
12
Calculate the remainder when 2950 is divided by 60.
10
Calculate the remainder when 2071 is divided by 417.
403
Calculate the remainder when 118720 is divided by 1291.
1239
Calculate the remainder when 23998 is divided by 600.
598
What is the remainder when 28131 is divided by 29?
1
What is the remainder when 8797 is divided by 176?
173
What is the remainder when 752418 is divided by 39600?
18
Calculate the remainder when 2738 is divided by 2550.
188
What is the remainder when 2124 is divided by 26?
18
Calculate the remainder when 19632 is divided by 934.
18
Calculate the remainder when 1061348 is divided by 5054.
8
Calculate the remainder when 7548 is divided by 70.
58
Calculate the remainder when 86959 is divided by 28949.
112
What is the remainder when 930012 is divided by 86?
8
What is the remainder when 42600 is divided by 119?
117
What is the remainder when 6666 is divided by 7?
2
What is the remainder when 1120 is divided by 10?
0
What is the remainder when 8425 is divided by 45?
10
Calculate the remainder when 205722 is divided by 29.
25
Calculate the remainder when 15572 is divided by 3889.
16
What is the remainder when 61631 is divided by 96?
95
What is the remainder when 3315 is divided by 8?
3
Calculate the remainder when 38920 is divided by 12960.
40
Calculate the remainder when 19096 is divided by 4756.
72
Calculate the remainder when 3191 is divided by 1306.
579
Calculate the remainder when 2626 is divided by 316.
98
Calculate the remainder when 251917 is divided by 251899.
18
What is the remainder when 366539 is divided by 6545?
19
What is the remainder when 147678 is divided by 9?
6
Calculate the remainder when 13624 is divided by 3391.
60
Calculate the remainder when 131872 is divided by 466.
460
What is the remainder when 758 is divided by 114?
74
What is the remainder when 2182 is divided by 57?
16
What is the remainder when 351204 is divided by 28?
0
Calculate the remainder when 9664 is divided by 1930.
14
Calculate the remainder when 2019 is divided by 414.
363
Calculate the remainder when 472750 is divided by 24.
22
What is the remainder when 321 is divided by 191?
130
Calculate the remainder when 117585 is divided by 7349.
1
What is the remainder when 33403 is divided by 6?
1
Calculate the remainder when 4449 is divided by 81.
75
Calculate the remainder when 60591 is divided by 15142.
23
Calculate the remainder when 7368 is divided by 29.
2
Calculate the remainder when 70120 is divided by 779.